nits digit of c(-22)?
4
Let v = 59 - -254. What is the hundreds digit of v?
3
Let o = 16 - 18. Let n(r) = r**2 + r + 1. Let p be n(o). What is the units digit of 64/p + (-3)/9?
1
What is the tens digit of 9 - (-97)/(-11) - 480/(-22)?
2
What is the hundreds digit of 456/28 + -16 + 9203/7?
3
Let q be 1*2*2 + -27 + 26. Let u(h) = 2*h**3 - 3*h**2 - 4*h. What is the tens digit of u(q)?
1
Let o = 23 - -15. Let l = o - 18. What is the units digit of l?
0
Let t(a) = a**3 - 2*a**2 - 4*a + 3. Let o be t(3). Suppose o = -2*n + 5*m + 81, -3*n + 5*m + 56 = -68. Let s = n + -21. What is the units digit of s?
2
What is the units digit of 274 - (4 + (-14 - -7))?
7
Suppose -27*d + 14691 = 32*d. What is the tens digit of d?
4
Let f = -16 + 4. Let d(p) = 2*p**2 + 25*p - 5. Let o(a) = 3*a**2 + 38*a - 7. Let j(q) = 7*d(q) - 5*o(q). What is the units digit of j(f)?
6
Suppose 0 = 3*v + c - 6299, -4*v + 15*c + 8394 = 14*c. What is the units digit of v?
9
Suppose 0 = -w - 0*k - 4*k - 27, k - 30 = 5*w. Let a(i) = i**2 + 2*i - 7. What is the tens digit of a(w)?
2
Suppose 5 + 1 = 3*a. Suppose a*i - 390 = 7*i. Let r = i - -129. What is the tens digit of r?
5
Suppose h + 1 = -0, 0 = 2*x + 3*h - 7. Suppose 90 = -x*n + 7*n. Let r = -28 + n. What is the tens digit of r?
1
Let w(t) = -11*t**3 - 4*t**2 + 4. Let u(q) = -q**2 - 12*q - 2. Let f be u(-12). What is the tens digit of w(f)?
7
Let p(c) = 186*c + 281. What is the units digit of p(18)?
9
Let v(y) = -y + 11. Let o(a) = a**3 + 2*a**2 - 5*a - 1. Let n(m) = -m**3 + 2*m**2 + 2*m - 1. Let s be n(3). Let u be o(s). What is the units digit of v(u)?
4
Let h = -31 + 13. Let k be (4/(-3))/((-12)/h). What is the units digit of (-2)/4*(k - 12)?
7
Let f(w) = -4*w - 17. Let j be f(-5). Suppose 7*q - 4*q - 4*x = 314, 2*q - j*x = 210. What is the tens digit of q?
0
Let q be (-16)/(-8) - (1 + 2). Let m be -3*(q/(-3) - 2). Suppose -m*n = -n - 56. What is the units digit of n?
4
Let d(u) = -2*u + 14. What is the units digit of d(-6)?
6
Suppose -25 = -5*f - 3*z, 0 = -4*f + 2*z + 2*z + 20. Let c(u) = -31*u - 187. Let t be c(-6). Let s = f + t. What is the units digit of s?
4
Let o(b) = 3*b - 22. Let c be o(9). Suppose -2*r = -0*h - 3*h + 34, c*r = -2*h - 9. Suppose -4*u - 204 = -h*u. What is the tens digit of u?
5
Suppose 4*i + t - 2055 = 0, 4*i - 11*t = -8*t + 2043. What is the tens digit of i?
1
Let n(f) = -f**3 + 11*f + 21. What is the units digit of n(-8)?
5
Let u(t) = 8*t**3 + 4*t - 7. What is the hundreds digit of u(4)?
5
Let a be 10/((-2)/(-3) - 0 - 0). What is the hundreds digit of 27/((3/a)/1 - 0)?
1
Let z(s) be the second derivative of -s**4/12 - s**3/6 + s**2 - 2*s. Let c be z(0). Suppose c*t - 3 = 1. What is the units digit of t?
2
Suppose 0*i - 1915 = -5*u - i, 5*u = 5*i + 1945. Suppose 14*r - 204 = u. What is the units digit of r?
2
What is the units digit of (-5)/(-20) + (-2583)/(-4)?
6
What is the hundreds digit of 2/(-16) + 189140/160?
1
Suppose 485 = -14*c + 1003. Let h be -1*(-8)/2*-3. Let w = h + c. What is the units digit of w?
5
What is the hundreds digit of ((-1246)/(-5) - 0)/((-86)/(-215))?
6
What is the tens digit of 1/(-9) - 8608/(-36)?
3
Let z = -12 + 14. Suppose 3*x - 4*f = -z*f, 18 = -3*x - 4*f. Let h = x - -8. What is the units digit of h?
6
Let h = -63 + 64. What is the units digit of h + (-7)/(-4) + 1/4?
3
Let k(s) = s**3 + s**2 - 4*s - 1. Let b(u) be the second derivative of u**5/20 + u**4/2 + 3*u**2/2 + 2*u. Let i be b(-6). What is the tens digit of k(i)?
2
Suppose 164001 - 56425 = 68*u. What is the thousands digit of u?
1
Let i = 13 - 9. Suppose -5*w - n + 205 = 0, -3*w + 3*n - i*n = -121. What is the tens digit of w?
4
Suppose -2*v - u + 5375 = 2*v, 4*v + 3*u = 5365. What is the units digit of v?
5
Let z = 10326 + -5446. What is the hundreds digit of z?
8
Let u be (26 - 0)*2/4. Let n = u + -11. Let d(l) = -l + 4. What is the units digit of d(n)?
2
Let n(q) = -q**3 - 3*q**2 - 4*q - 8. Let a be n(-4). Suppose 342 = -21*r + a*r. What is the units digit of r?
4
Let f(n) be the first derivative of n**4/2 + n**3/6 + 2*n**2 - 3. Let h(c) be the second derivative of f(c). What is the tens digit of h(1)?
1
Let a(t) = -t**3 + 8*t**2 - 6. Let w(p) = p**3 - 1. Let f be w(2). What is the tens digit of a(f)?
4
Let a be ((-3)/(-1))/3*-2. Let v be 11 - (a - (-3 + 3)). Suppose -18*i + 165 = -v*i. What is the units digit of i?
3
Let s be 18 - 3/(4 - 3). Let p be (-5 - -7) + (-3 - s). Let d = 1 - p. What is the tens digit of d?
1
Suppose 5*b + 542 = 6*b. What is the units digit of b/8 + (-12)/(-48)?
8
Let k(f) = 39*f - 5. Let x be k(2). Suppose -x = -2*t + 7. What is the units digit of t?
0
Suppose -5*m + 1083 = 2*v + 98, 0 = v - 5. What is the tens digit of m?
9
Suppose 2*h + 3*z = 392, 21*h + 2*z = 19*h + 392. What is the units digit of h?
6
Let t(o) = 9*o**2 + 1. Let p be t(-2). Suppose -3*b = -2*b - p. Suppose -b = -4*s + 43. What is the tens digit of s?
2
Let x(k) = k**3 + 4*k**2 - 6*k - 1. Let c be x(-5). Suppose 4*j + 33 = 3*z + j, -37 = -2*z + 5*j. What is the units digit of z/c - 675/(-18)?
9
Suppose z + 2*o = 640, -4*o = o - 20. What is the hundreds digit of z?
6
Let d(j) = j - 1. Let y(r) = -38*r - 5. Let b(u) = -u**3 - 3*u**2 + 3*u - 1. Let w be b(1). Let n(p) = w*d(p) + y(p). What is the tens digit of n(-1)?
3
Let i = -109 - -115. Suppose -i*l + 8*l = 396. What is the units digit of l?
8
Let f(z) = 11*z - 6. Let t be f(1). Suppose -39 = t*x - 759. What is the units digit of x?
4
Suppose -8352 = 6*w - 38*w. What is the units digit of w?
1
Suppose 4*o = 3*y - 314, 3*o - 6*o = 3*y - 321. Let j = 233 - y. What is the tens digit of j?
2
Let p = 24 + -18. Let i = p - 2. What is the units digit of i?
4
Suppose -g = 4*f - 21, -6*g + 5*f - 30 = -8*g. Suppose -643 = -4*w + g*i, -5*w + i + 806 = -3*i. What is the tens digit of w?
6
Let q(u) = 2*u**2 - 14*u + 26. Let f be q(11). Let y = f + 12. What is the units digit of y?
6
Suppose 12*p = 8885 + 6199. What is the tens digit of p?
5
What is the hundreds digit of 10022/8 - (-61)/244?
2
Let t(k) = k - 2. Let p be t(5). Suppose 3*g = -0*g + p. What is the tens digit of (g/(-2))/((-6)/300)?
2
Let m(h) = 4*h. Let j be m(-1). Let v = -8 - j. Let s = v + 6. What is the units digit of s?
2
Suppose 5 = -2*h + 1. What is the tens digit of (-742)/(-21) - -4 - h/(-6)?
3
Let t be 1*(0 + 1 + 254). Let p = t + -147. Suppose 0 = 4*u + 4*v - p, 2*v - v + 1 = 0. What is the units digit of u?
8
Let c be ((-2)/4)/(1/48). Suppose -4*a + 35 - 103 = 0. Let v = a - c. What is the units digit of v?
7
Let c = 7531 - 4802. What is the units digit of c?
9
Suppose 5*h - 4*h + 5*w - 3786 = 0, 5*h + 4*w = 18993. What is the hundreds digit of h?
8
Let o = -1674 + 1799. What is the hundreds digit of o?
1
Let t = 47 - 117. Let f be (19/76)/(1/(-428)). Let g = t - f. What is the units digit of g?
7
Suppose -2*s - 14 = -5*f - 3*s, 3*s + 12 = 3*f. Let u be ((-2)/3)/((-1)/f). Suppose u*p - 15 = -11. What is the units digit of p?
2
Let a be 21 + (-12)/9*3. Let j(o) = 0*o**3 - o**2 + o**3 + 20 + a*o**2. What is the tens digit of j(-16)?
2
Let t(k) = 32*k**2 + 10*k + 25. Let b = 7 + -10. What is the hundreds digit of t(b)?
2
Let x(c) be the first derivative of 41*c**3/3 - 3*c**2/2 - c - 28. What is the units digit of x(2)?
7
Suppose -q + 2*r + 1799 = 0, 0 = -5*q + 3*r + 4542 + 4439. What is the units digit of q?
5
Let g = -71 + 649. What is the hundreds digit of g?
5
Let y = 3461 - 354. What is the hundreds digit of y?
1
What is the units digit of 165/((18/(-60))/(-1))?
0
Let d(v) = -7*v**2 + 4 + 5*v + 3 - v**2 - 8. Let g(z) = z**2 + z + 1. Let a(q) = -d(q) + g(q). What is the tens digit of a(2)?
3
Suppose 2*z = 3*b - 245, 3*b - 12*z - 253 = -8*z. What is the units digit of b?
9
Suppose 10*t - t - 2457 = 0. Suppose 4*v - 7*v = -t. What is the tens digit of v?
9
Let a(q) = -2*q**3 + q**2. Let m be a(-1). Let z(r) = m + 6*r - 4*r + 7 + r**2 + 2*r. What is the tens digit of z(-7)?
3
Let y be ((-3)/6)/((-1)/(-138)). Let b = -18 - y. What is the tens digit of b?
5
Let z = 17 + -12. Let a = 24 + z. What is the units digit of a?
9
Suppose 57*i - 5968 = 41*i. What is the tens digit of i?
7
Let n(x) be the second derivative of x**4/12 + 11*x**3/6 - 21*x**2/2 - 11*x. What is the units digit of n(-16)?
9
Let x = 13008 -